{"id":176,"date":"2008-02-04T15:37:24","date_gmt":"2008-02-04T14:37:24","guid":{"rendered":"http:\/\/www.bergfreundefrauenbiburg.de\/?page_id=176"},"modified":"2014-03-18T15:46:11","modified_gmt":"2014-03-18T14:46:11","slug":"antrage","status":"publish","type":"page","link":"https:\/\/www.bergfreundefrauenbiburg.de\/?page_id=176","title":{"rendered":"Mitglied werden"},"content":{"rendered":"<p><a href=\"http:\/\/www.bergfreundefrauenbiburg.de\/wp-content\/uploads\/2014\/03\/Aufnahmeantrag.pdf\">Aufnahmeantrag<\/a>.<br \/>\nDurch einen Klick auf den oberen Link k\u00f6nnen Sie einen aktuellen Mitgliedsantrag herunter laden.<br \/>\nDerzeit betr\u00e4gt der Mitgliedsbeitrag 5,00 \u00e2\u201a\u00ac pro Jahr.<\/p>\n<p>(Unterschrieben bitte zur\u00fcck an Andreas Huber, Dresdener Stra\u00dfe 6, 84036 Landshut)<\/p>\n","protected":false},"excerpt":{"rendered":"<p>Aufnahmeantrag. Durch einen Klick auf den oberen Link k\u00f6nnen Sie einen aktuellen Mitgliedsantrag herunter laden. Derzeit betr\u00e4gt der Mitgliedsbeitrag 5,00 \u00e2\u201a\u00ac pro Jahr. (Unterschrieben bitte zur\u00fcck an Andreas Huber, Dresdener Stra\u00dfe 6, 84036 Landshut)<\/p>\n","protected":false},"author":1,"featured_media":0,"parent":0,"menu_order":0,"comment_status":"open","ping_status":"open","template":"","meta":{"ngg_post_thumbnail":0,"footnotes":""},"class_list":["post-176","page","type-page","status-publish","hentry"],"_links":{"self":[{"href":"https:\/\/www.bergfreundefrauenbiburg.de\/index.php?rest_route=\/wp\/v2\/pages\/176","targetHints":{"allow":["GET"]}}],"collection":[{"href":"https:\/\/www.bergfreundefrauenbiburg.de\/index.php?rest_route=\/wp\/v2\/pages"}],"about":[{"href":"https:\/\/www.bergfreundefrauenbiburg.de\/index.php?rest_route=\/wp\/v2\/types\/page"}],"author":[{"embeddable":true,"href":"https:\/\/www.bergfreundefrauenbiburg.de\/index.php?rest_route=\/wp\/v2\/users\/1"}],"replies":[{"embeddable":true,"href":"https:\/\/www.bergfreundefrauenbiburg.de\/index.php?rest_route=%2Fwp%2Fv2%2Fcomments&post=176"}],"version-history":[{"count":6,"href":"https:\/\/www.bergfreundefrauenbiburg.de\/index.php?rest_route=\/wp\/v2\/pages\/176\/revisions"}],"predecessor-version":[{"id":1032,"href":"https:\/\/www.bergfreundefrauenbiburg.de\/index.php?rest_route=\/wp\/v2\/pages\/176\/revisions\/1032"}],"wp:attachment":[{"href":"https:\/\/www.bergfreundefrauenbiburg.de\/index.php?rest_route=%2Fwp%2Fv2%2Fmedia&parent=176"}],"curies":[{"name":"wp","href":"https:\/\/api.w.org\/{rel}","templated":true}]}}